-66 + 47. Let a = 19 + y. Suppose 3*d + 4*n - 1213 = a, 3*n = 2*d - 3*d + 396. Is d a composite number?
True
Suppose -3*b - 10183 = -2*i, -5102 = -2*i + i + 5*b. Is i a composite number?
False
Let v(k) = 75*k - 10 + 0 + 19 - 10. Suppose -3*u - 4*o = 6, -5*u + 3*o + 16 = o. Is v(u) composite?
False
Let c = 893 - -4542. Is c a prime number?
False
Let k(u) = -u**3 - 15*u**2 - 19*u - 11. Suppose -y + 0*r = -r + 13, y + 5*r = -19. Is k(y) a prime number?
True
Let h(y) = -257*y - 23. Let u be (-120)/14 - (-68)/119. Is h(u) a composite number?
True
Let q = 1667 + -778. Is q prime?
False
Let p(a) = a - 5. Let m be p(10). Suppose -m*q + 10450 = 95. Is q prime?
False
Suppose -y = -0*y - 4*l + 4, -y - l + 1 = 0. Suppose 3*o - 3*c = -2*o + 245, 2*c + 10 = y. Let w = 83 - o. Is w prime?
True
Suppose -1 = -5*z + 14. Suppose z*a = 2 + 13. Suppose 4*d = d + 5*k + 2751, 0 = -2*d + a*k + 1834. Is d a composite number?
True
Suppose t = 2*u + 2239, 5*t + 3*u - 2*u = 11228. Suppose t = 3*i - 710. Is i a composite number?
True
Suppose -3*m + 6 = -m. Let c(k) = 22*k**3 + 3*k**2 + 4*k - 1. Let s be c(m). Suppose -5*u = 3*d - s, -2*d - 2*d - 4 = 0. Is u composite?
False
Is (-50982)/(-18) - (-6)/9 composite?
False
Suppose 4*s + o - 21 = 31, -3*o = -4*s + 36. Let j = s + 875. Is j a composite number?
False
Suppose -2*p = -p. Suppose -4*c = -2*d + d + 4, -4*c = p. Suppose 2*u - 895 = -u - b, 4*u = -d*b + 1188. Is u a prime number?
False
Let o(p) = 30*p**2 + 5*p + 9. Let h(v) = v + 21. Let u be h(-13). Is o(u) a composite number?
True
Let v = -31448 - -71269. Is v composite?
False
Let f(k) = -6*k - 65. Is f(-30) a prime number?
False
Let g = 5438 + -3767. Is g composite?
True
Let n be (-5)/(-2)*24/30. Suppose -4*b - n*j + 22421 = -5409, -5*b + 34790 = 2*j. Is b/44 + (-2)/11 composite?
True
Let i = 21 + -44. Let q = 41 + i. Suppose -q*z + 2398 = -16*z. Is z a composite number?
True
Let q = -11 - -7. Let j(c) = 0 + 2*c - 16*c + 3. Is j(q) composite?
False
Let d(a) = 7*a + 37. Let v be d(-5). Suppose 996 = q - 3*g, 5*q - 4963 = -v*g - 0*g. Is q a composite number?
True
Suppose 4545 = -5*j - 12830. Let y = 5630 + j. Is y a composite number?
True
Let o(s) = -58*s - 57. Let v be o(10). Is -6 - (-2 - 0) - v composite?
True
Let x = 271 + 640. Is x composite?
False
Let k(s) be the second derivative of -s**5/20 - s**4/2 + 5*s**3/6 - 9*s**2/2 + 2*s. Let v be k(-7). Suppose 2*w - 8 = 0, -2*z - 1747 = -v*z - w. Is z prime?
False
Let f be -3 + (2/2 - -1392). Suppose y + f = -4*y. Let d = -183 - y. Is d prime?
False
Suppose 5*v + 4*z = 13354, -4*z = v + v - 5344. Let k = v + -1673. Is k composite?
False
Let c(h) = 12*h**2 + h + 7. Suppose -2*x = 4*g - 4*x - 8, 0 = -3*g + 5*x + 6. Let y(j) = -12*j**2 - 8. Let s(b) = g*y(b) + 3*c(b). Is s(-4) prime?
False
Let g(z) be the third derivative of -7*z**4/6 - 7*z**3/6 - 5*z**2 - 40. Let a be 6*1/((-6)/8). Is g(a) composite?
True
Suppose 3784 + 10584 = j - 3*m, -4*m = -3*j + 43109. Is j a composite number?
True
Let l(u) = 3*u**2 + 34*u + 90. Is l(-37) a prime number?
True
Let t be (-63)/35 - 16/(-20). Let z(p) = p**2 - 23*p**3 + 0*p**2 - 31*p**3. Is z(t) a composite number?
True
Is (15 - 11) + (1 - -1618) a prime number?
False
Is -1 - 6 - 2608/(-8) a prime number?
False
Let u = -118 + 51. Let s = u - -250. Is s a prime number?
False
Let n = 10 + -5. Suppose -8*t = -n*t - 873. Is t prime?
False
Suppose 11*o - 6*o = -3*n + 48932, 0 = 2*o + 10. Is n a prime number?
True
Let b(z) = 8*z - 11. Let g be (-4)/7 + (-36)/(-14). Suppose g*a - 15 = 1. Is b(a) composite?
False
Let i(p) = -p**3 + 4*p**2 + 2*p - 3. Let s be i(4). Suppose 31 = s*v - 384. Is v a composite number?
False
Suppose 11*s - 271391 = -17720. Is s composite?
True
Let p = -1707 - -2920. Is p prime?
True
Let z(x) = x**3 + 10*x**2 + 10*x + 7. Let g = 6 - 15. Let w be z(g). Is 79*w/(-6)*3 a prime number?
True
Let q(g) = g**2 + 5*g + 5. Suppose 0*a = -4*a - 16. Let d be q(a). Let s(z) = 56*z - 1. Is s(d) a prime number?
False
Suppose 38*y = 56*y - 291726. Is y a prime number?
False
Suppose 0 = -5*m - g - 1507, -5*g + 1525 = -5*m - 0*g. Let h = m - -441. Is h composite?
False
Let p = 144063 - 59404. Is p a composite number?
False
Let s(f) = 28*f**3 - 15*f**2 - 31*f - 24. Let a be s(-12). Is 2/(-8) + a/(-16) composite?
False
Let l(u) = u**2 + 5*u - 2. Let b be l(-6). Suppose -4*v - 1 = v - b*y, 5*y + 7 = -2*v. Is (-28)/v + 2 + 1 prime?
True
Let j = -31 - -31. Suppose -9935 = -j*b - 5*b. Is b a composite number?
False
Let l = 14 - 11. Suppose l*m + 257 = 1430. Is m composite?
True
Let d(z) = 5 + 25*z**2 + 3 + 10*z - 16*z**2. Is d(-7) composite?
False
Let y be (-2*(-4)/(-10))/((-40)/(-69400)). Let r = 2029 + y. Is r a prime number?
True
Let t be 1024 - 6*5/(-10). Suppose -5*r + t + 1298 = 0. Suppose 4*l + r = 7*l. Is l prime?
False
Let h = -14 - -16. Suppose -3*d + h*d = -5*m + 3484, -3*m = -d - 2090. Suppose 0*j = j + 2*z - 231, 0 = 3*j + 5*z - m. Is j a composite number?
False
Suppose 0 = 6*k + 93 - 375. Let g = -16 + k. Is g a prime number?
True
Let o(i) = -1590*i**3 - 20*i**2 + 35*i - 55. Let l(c) = -227*c**3 - 3*c**2 + 5*c - 8. Let p(r) = 20*l(r) - 3*o(r). Is p(2) composite?
True
Let d(l) = l**2 + 7*l - 10. Let m = -17 - -9. Let o be d(m). Is o/8 + 1194/8 composite?
False
Let y = -11 - -14. Let h be (1 - y) + 0 + 5. Suppose -v + 340 = h*v. Is v composite?
True
Let o = -37 + 40. Suppose o*d = -d + 1516. Is d a composite number?
False
Suppose -4*m = p - 2*p - 2519, -5*m - 4*p = -3175. Is m a composite number?
False
Let z = -3098 + 1313. Let k = 2981 + z. Suppose 3*c = -p - 4*p + 1495, -k = -4*p - 3*c. Is p a prime number?
False
Suppose 5*t = -2*y + 924 + 245, 2*y - 1170 = -4*t. Let h = y - 396. Is h prime?
True
Suppose 19888 = -2*c + 18*c. Is c a prime number?
False
Suppose 11 = -3*b - n - 21, 4*b - n = -52. Is b + 58 - (-2 + 1) a composite number?
False
Let k(c) = 574*c**2 - 16*c + 27. Is k(4) a prime number?
False
Let f(v) = 31*v**2 - 12*v + 200. Is f(15) a composite number?
True
Suppose -4*w = -2*p - 1196, 2440 + 543 = -5*p + 3*w. Let r = p - -849. Is r composite?
True
Let w(x) = -2*x - 16. Let s be w(-7). Is (s - 18/(-12))*-2874 a prime number?
False
Suppose -2*w - 15 = 1. Let y(t) = -t**2 - 7*t + 12. Let m be y(w). Let x(p) = 85*p - 9. Is x(m) a composite number?
False
Suppose -4*o + 32503 + 19419 = -2*l, 2*l - 2 = 0. Suppose -o = -7*a + 7046. Is a a prime number?
True
Let n(o) = -77*o**3 - 8*o**2 - 79*o + 11. Is n(-7) prime?
False
Suppose -8*v + 369140 = 12*v. Is v prime?
True
Is 14124/1 + 198/6 + -26 prime?
False
Suppose c + 4*k + 1419 = k, 0 = -5*c - 5*k - 7045. Let a = -781 - c. Is a a prime number?
False
Let w(q) = -9*q - 13*q**3 - 20*q**3 + 10*q**2 - 4*q**2 - 3*q**2 - 16. Is w(-5) prime?
True
Suppose 496*g - 508*g + 259572 = 0. Is g prime?
False
Is 65/(-78) - 26734/(-12) composite?
True
Let p(t) = 5 + 11 + 3*t + 20*t + 4. Is p(7) a prime number?
True
Let u be -2*((-8)/2 - 4). Suppose -d + 49 + u = 0. Is d composite?
True
Let d = -281 + 7278. Is d composite?
False
Let y(s) = -6*s + 40. Let q be y(11). Is (-1 - q/22) + 43490/22 prime?
False
Let q = -33179 + 55374. Is q/45 - (-8)/(-36) prime?
False
Let y(j) = -7*j**3 - 3*j**2 + 2. Let c = -6 - -3. Let d be y(c). Suppose -d = -3*n + n. Is n prime?
False
Let n(o) = -342*o - 5. Let x(b) = 684*b + 9. Let s(l) = 7*n(l) + 4*x(l). Let a be s(1). Suppose -5*d - 4*k + a = 0, 2*d - 331 = -3*d + 2*k. Is d prime?
True
Suppose 419*s - 151698 = 413*s. Is s prime?
False
Suppose 0*k - k + 2*m + 6461 = 0, 5*k + 4*m = 32347. Is k a prime number?
False
Suppose 5*x - 4 = 7*x. Let z be (-3)/(x*3)*-22. Let a(r) = r**2 + 11*r + 3. Is a(z) a prime number?
True
Suppose -2*k + 3*k - 5 = 0. Let a be 1/k + (-2604)/(-30). Suppose -h = f - 89, h = 2*h + 2*f - a. Is h a composite number?
True
Suppose -8*v + 1845 = -6467. Is v prime?
True
Let t be (-6)/(-14) + 186/(-42). Is (18 + -20)*1754/t a prime number?
True
Suppose n = 3517 + 1757. Suppose -7*p + n = -p. Is p prime?
False
Suppose 32*r - 42*r + 7970 = 0. Is r a composite number?
False
Let a(z) = 229*z**3 - 6*z**2 - 12. Is a(3) composite?
True
Suppose -4*z + 2*z + h = -3249, h + 6495 = 4*z. Let o = z - 1134. Is o a prime number?
False
Let g = 88 + 2341. Is g prime?
False
Let r be 2/9 + (-1022)/(-18). Suppose 2